-l**3 + 17*l**2 - 21*l - 12. Let j be n(16). Let f = -47 - j. Calculate the greatest common divisor of 9 and f.
9
Suppose 2*h - 24 = 5*h. Let l be (5 + 3/3)*(-12)/h. Calculate the greatest common divisor of l and 90.
9
Suppose w + q - 2*q - 12 = 0, -4*w + 53 = -3*q. Suppose -2*d - x + 39 = 0, -31 - w = -3*d - 5*x. What is the highest common factor of d and 7?
7
Suppose 862 = 3*x + 15*w - 19*w, 0 = 2*x - 2*w - 578. What is the greatest common factor of x and 1666?
98
Let a be ((-13)/26)/((-2)/24). Let z be (98/a - -1) + (-2)/(-3). Calculate the greatest common divisor of 9 and z.
9
Let a be 1394 - (-2)/(-4)*(-52)/26. What is the highest common divisor of 15 and a?
15
Suppose 3*x = 2*s + 41, 8*x - 80 = 3*x + s. Suppose x*y - 16*y = 7. What is the highest common divisor of y and 14?
7
Suppose -11*v + 108 = -13*v. Let g = 142 + v. What is the highest common divisor of g and 22?
22
Let w(b) = -24 - 3*b - 7 + b. Let y be w(-18). Calculate the greatest common divisor of y and 60.
5
Let m(f) = 2*f**2 - 46*f + 55. Let o be m(23). What is the highest common factor of o and 385?
55
Let d = -136 + 173. What is the greatest common divisor of 37 and d?
37
Let q(x) = x**3 - x**2 + 2*x + 9. Suppose -8 = -7*c + 27. Let d be q(c). Calculate the greatest common divisor of 17 and d.
17
Suppose 6*m = 7*m - 35. Suppose -4 + m = -z. Let h = 56 + z. What is the highest common factor of h and 5?
5
Let y = -681 + 834. What is the highest common divisor of 6 and y?
3
Suppose c + 514 = 2*d - 78, 2 = c. Let i be 16/12 - 385/(-15). Calculate the highest common factor of d and i.
27
Let y(g) = g**3 - 18*g**2 - 62*g - 24. Let u be y(21). Let p be -1 - -4 - (u - -4). Calculate the greatest common factor of 5 and p.
1
Let i = -25 + 40. Suppose 4*k - u = 296, 3*u - 16 = -u. Calculate the highest common divisor of i and k.
15
Suppose 6 = -5*w + 5*c + 26, 0 = -2*w - 4*c + 14. Calculate the highest common divisor of w and 35.
5
Let q = -145 - -271. Suppose -u + 4*l = -45, 0 = -4*u - 4*l + 127 - 7. Let i = u - 19. What is the highest common factor of q and i?
14
Let w(u) = 11*u**2 + 7*u - 17. Let c(n) = 5*n**2 + 3*n - 8. Let j(z) = -13*c(z) + 6*w(z). Let q be j(3). What is the highest common factor of q and 8?
4
Let o = 19 + -21. Let t be 2 + -1 + (-1 - o). Suppose -8*i - 66 = -11*i. Calculate the greatest common divisor of i and t.
2
Let y(i) = -i**2 + 5*i + 2. Let s be y(5). Suppose 4*n - 5*n + 44 = z, -92 = -s*z - n. What is the greatest common factor of 6 and z?
6
Let x(b) = -12*b**2 + 13*b + 4*b**3 + 9 - 3*b**3 - 22. Let i be x(11). What is the highest common factor of 12 and i?
3
Suppose 5*x + 3*h - h = 7, 1 = h. Let j be (0 - x)/((-1)/10). What is the greatest common factor of j and 5?
5
Let n = -859 + 879. Suppose -k = -6 - 4. What is the highest common divisor of n and k?
10
Let v be -27*4/(-36)*21. Calculate the greatest common factor of 36 and v.
9
Let m = -6 + 122. Let a = 324 - m. What is the highest common factor of a and 26?
26
Let d = 12 + -8. Suppose 45 = d*i - 3*i. Let f be ((-20)/(-2))/(4/6). What is the greatest common factor of i and f?
15
Let j be 29/1 + (-2 - 1). Let q be (((-15288)/(-70))/(-14))/(2/(-5)). Calculate the highest common divisor of q and j.
13
Let l be (96/18)/(52/(-12) + 5). Calculate the greatest common divisor of 136 and l.
8
Suppose -t - 17 = 5*v - 59, -3*t - 36 = -3*v. Let m be 87/v - 3/(-9). Let w be (m/15)/((-2)/(-3)). What is the highest common divisor of 3 and w?
1
Suppose 3*c = -0*c + 1002. Let u = c + -155. Let z = 300 - u. Calculate the greatest common divisor of 11 and z.
11
Suppose 0*z - 236 = -z + l, 3*l = -3*z + 696. Suppose -5*n = -4 - 96. Let i be (n/(-30))/(1/(-39)). What is the highest common divisor of z and i?
26
Let i = 32 - 125. Let p = -81 - i. What is the greatest common divisor of 1 and p?
1
Let r = -14 + 22. Suppose r*l - 684 = 3*l + 2*u, -u = 4*l - 542. Suppose 32 + l = 3*j. Calculate the greatest common divisor of 7 and j.
7
Let u = -17 + 13. Let j be ((-6)/(12/(-11)))/((-2)/u). Calculate the highest common factor of 11 and j.
11
Let t be -120*(22/(-30) - (-15)/45). What is the highest common factor of 84 and t?
12
Let v(t) = t**2 - 3*t + 8. Let c be v(5). Suppose c = -r + 130. What is the greatest common divisor of 14 and r?
14
Let i be (0 - 0)/(13 - 16). Let r(s) = s**2 + 24. Let y be r(i). Let k = 0 + 24. What is the greatest common factor of k and y?
24
Suppose 4*o = -4*n + 24, 4*n + 57*o = 54*o + 27. Let m(i) = -31*i + 1. Let d be m(-2). Let z be d - (n/3 + 0). What is the greatest common factor of z and 15?
15
Let h = -143 - -102. Let k be 10/(-8) + (-5502)/(-56). Let i = h + k. What is the highest common factor of i and 8?
8
Let j(z) = 2*z**2 + 3*z - 7. Let s be j(-4). Let v = -8 + 11. Suppose v*c - 310 = -r, -112 = -c - 0*r + 4*r. What is the greatest common factor of c and s?
13
Suppose a = -266 + 955. What is the highest common divisor of 53 and a?
53
Suppose 0 = 5*j + 29 - 19. Let m(z) = z**2 + 2. Let a be m(j). Calculate the highest common factor of a and 33.
3
Suppose 330 = 75*g - 120. What is the greatest common divisor of 192 and g?
6
Let l(r) = r**3 + 5*r**2 + 7*r + 12. Let i be l(-3). Calculate the greatest common factor of 21 and i.
3
Let l(y) = -y**2 + 10*y - 12. Let g be l(7). Suppose -9*x + 0*x + g = 0. What is the greatest common factor of x and 3?
1
Let w = -1247 - -1315. What is the highest common divisor of 32 and w?
4
Suppose 0*c - 3*c + 15 = 0. Suppose 11 = 3*y - 5*u, c*u + 44 - 12 = -4*y. Let b be y + 2 - -30 - 3. What is the greatest common factor of 26 and b?
26
Let n = -50 + 62. Suppose 6*z + 924 = n*z. Calculate the highest common factor of z and 22.
22
Suppose z = -3*n + 27, 10*z - 3*n + 63 = 13*z. Calculate the highest common divisor of z and 162.
18
Let o be 398/3 + (-9)/((-81)/(-6)). Suppose 2*z - 16 = 4*j, -j = 3*z + 3*j - 44. What is the highest common divisor of o and z?
12
Let q = -116 - -131. Calculate the greatest common divisor of q and 15.
15
Suppose 3*l + 5*m + 43 = 0, -6*l + 2*l = -m + 19. Let c = l - -8. What is the highest common divisor of 2 and c?
2
Let y = -7 + 10. Suppose 0*i - 16 = y*i + 5*r, -i + 23 = -4*r. Suppose 0 = i*g - 4 + 1, 0 = 5*o - 5*g - 65. What is the highest common factor of 70 and o?
14
Let b = 499 - 495. Calculate the highest common divisor of b and 292.
4
Let n(o) = -o**2 - 7*o + 10. Let y be n(-7). Let a = -95 + 213. Let k = 188 - a. Calculate the greatest common factor of y and k.
10
Let m be ((-42)/8)/(7/(-84)). Suppose -4*b + r = -14 - m, 0 = -r + 3. Suppose -5*z + z + b = 0. Calculate the greatest common divisor of z and 5.
5
Let x(b) = b**3 - 7*b**2 + 3*b - 8. Let o be x(7). Let l = -25 - -116. What is the highest common divisor of l and o?
13
Let x be (-4)/(-12) + 60/9. Suppose 17*k - 10*k - 343 = 0. Calculate the greatest common factor of k and x.
7
Suppose 362*l - 367*l + 300 = 0. Calculate the highest common factor of 228 and l.
12
Let i = 440 + -427. Calculate the greatest common factor of i and 65.
13
Let p = 101 - 50. Suppose -z - p = -4*z. Calculate the greatest common divisor of 85 and z.
17
Suppose -1217 = -6*d + 187. Calculate the highest common factor of 104 and d.
26
Suppose -6*y + 40 = -2*y. Let g = 3847 + -3843. Calculate the highest common divisor of g and y.
2
Let v be (-7*2 - -1) + 1. Let f = -7 - v. Suppose i = -4*q - 3*i + 60, -q + 3*i + 35 = 0. Calculate the greatest common divisor of q and f.
5
Suppose -2*d - d - 4*k + 29 = 0, 2*k = 2*d - 38. Let y be (-11 + 9)/((-6)/45). Calculate the highest common factor of y and d.
15
Let t be ((-22)/10 - -2) + 606/5. Let k(u) = -u**2 + 8*u - 4. Let h be k(5). What is the highest common divisor of h and t?
11
Suppose q = -3 - 0, 0 = 4*v - q - 11. Suppose 0 = v*u - 73 - 43. Suppose -10 = -4*z + u. What is the greatest common factor of 34 and z?
17
Let w = -35 - -40. Suppose 2*d - 134 = 2*s, -2*d + s + 197 = d. Let p be 7/w + (-26)/d. Calculate the greatest common divisor of p and 1.
1
Let k be 4/48*-2*-6. What is the highest common factor of 11 and k?
1
Suppose 3*z = -5*x + 636, 4*z = z + 6. Suppose 11*b = -4*b + 210. Calculate the greatest common divisor of b and x.
14
Let q(v) = -v**3 + v**2 - 2*v - 1. Let s be q(4). Let n = s - -90. Calculate the greatest common divisor of n 